{"id":157,"date":"2016-09-17T18:36:14","date_gmt":"2016-09-17T16:36:14","guid":{"rendered":"http:\/\/www.studentoftheworld.de\/?page_id=157"},"modified":"2020-03-08T11:12:32","modified_gmt":"2020-03-08T09:12:32","slug":"impressum","status":"publish","type":"page","link":"https:\/\/www.studentoftheworld.de\/index.php\/impressum\/","title":{"rendered":"Imprint"},"content":{"rendered":"<h2>Imprint &#8211; www.studentoftheworld.de<\/h2>\n<p>Silke B. Oppermann<\/p>\n<p>Lilienstr. 28<\/p>\n<p>81669 M\u00fcnchen<\/p>\n<p>Germany<\/p>\n<p>+49-(0)177-2013219<\/p>\n<p>silke.oppermann at studentoftheworld.de<\/p>\n<h2>Cookies und Meldungen zu Zugriffszahlen<\/h2>\n<p>Wir setzen \u201eSession-Cookies\u201c der VG Wort, M\u00fcnchen, zur Messung von Zugriffen auf Texten ein, um die Kopierwahrscheinlichkeit zu erfassen. Session-Cookies sind kleine Informationseinheiten, die ein Anbieter im Arbeitsspeicher des Computers des Besuchers speichert. In einem Session-Cookie wird eine zuf\u00e4llig erzeugte eindeutige Identifikationsnummer abgelegt, eine sogenannte Session-ID. Au\u00dferdem enth\u00e4lt ein Cookie die Angabe \u00fcber seine Herkunft und die Speicherfrist. Session-Cookies k\u00f6nnen keine anderen Daten speichern. Diese Messungen werden von der Kantar Deutschland GmbH nach dem Skalierbaren Zentralen Messverfahren (SZM) durchgef\u00fchrt. Sie helfen dabei, die Kopierwahrscheinlichkeit einzelner Texte zur Verg\u00fctung von gesetzlichen Anspr\u00fcchen von Autoren und Verlagen zu ermitteln. Wir erfassen keine personenbezogenen Daten \u00fcber Cookies.<\/p>\n<p>Viele unserer Seiten sind mit JavaScript-Aufrufen versehen, \u00fcber die wir die Zugriffe an die Verwertungsgesellschaft Wort (VG Wort) melden.\u00a0[BITTE \u00dcBERPR\u00dcFEN, ob dies bei Ihnen der Fall ist!]\u00a0Wir erm\u00f6glichen damit, dass unsere Autoren an den Aussch\u00fcttungen der VG Wort partizipieren, die die gesetzliche Verg\u00fctung f\u00fcr die Nutzungen urheberrechtlich gesch\u00fctzter Werke gem. \u00a7 53 UrhG sicherstellen.<\/p>\n<p>Eine Nutzung unserer Angebote ist auch ohne Cookies m\u00f6glich. Die meisten Browser sind so eingestellt, dass sie Cookies automatisch akzeptieren. Sie k\u00f6nnen das Speichern von Cookies jedoch deaktivieren oder Ihren Browser so einstellen, dass er Sie benachrichtigt, sobald Cookies gesendet werden.<\/p>\n<h2>Datenschutzerkl\u00e4rung zur Nutzung des Skalierbaren Zentralen Messverfahrens<\/h2>\n<p>Unsere Website und unser mobiles Webangebot nutzen das \u201eSkalierbare Zentrale Messverfahren\u201c (SZM) der Kantar Deutschland GmbH f\u00fcr die Ermittlung statistischer Kennwerte zur Ermittlung der Kopierwahrscheinlichkeit von Texten.<\/p>\n<p>Dabei werden anonyme Messwerte erhoben. Die Zugriffszahlenmessung verwendet zur Wiedererkennung von Computersystemen alternativ ein Session-Cookie oder eine Signatur, die aus verschiedenen automatisch \u00fcbertragenen Informationen Ihres Browsers erstellt wird. IP-Adressen werden nur in anonymisierter Form verarbeitet.<\/p>\n<p>Das Verfahren wurde unter der Beachtung des Datenschutzes entwickelt. Einziges Ziel des Verfahrens ist es, die Kopierwahrscheinlichkeit einzelner Texte zu ermitteln.<\/p>\n<p>Zu keinem Zeitpunkt werden einzelne Nutzer identifiziert. Ihre Identit\u00e4t bleibt immer gesch\u00fctzt. Sie erhalten \u00fcber das System keine Werbung.<\/p>\n<div class=\"sharedaddy sd-sharing-enabled\"><div class=\"robots-nocontent sd-block sd-social sd-social-icon-text sd-sharing\"><h3 class=\"sd-title\">Share this:<\/h3><div class=\"sd-content\"><ul><li class=\"share-facebook\"><a rel=\"nofollow noopener noreferrer\" data-shared=\"sharing-facebook-157\" class=\"share-facebook sd-button share-icon\" href=\"https:\/\/www.studentoftheworld.de\/index.php\/impressum\/?share=facebook\" target=\"_blank\" title=\"Click to share on Facebook\" ><span>Facebook<\/span><\/a><\/li><li class=\"share-twitter\"><a rel=\"nofollow noopener noreferrer\" data-shared=\"sharing-twitter-157\" class=\"share-twitter sd-button share-icon\" href=\"https:\/\/www.studentoftheworld.de\/index.php\/impressum\/?share=twitter\" target=\"_blank\" title=\"Click to share on Twitter\" ><span>Twitter<\/span><\/a><\/li><li class=\"share-linkedin\"><a rel=\"nofollow noopener noreferrer\" data-shared=\"sharing-linkedin-157\" class=\"share-linkedin sd-button share-icon\" href=\"https:\/\/www.studentoftheworld.de\/index.php\/impressum\/?share=linkedin\" target=\"_blank\" title=\"Click to share on LinkedIn\" ><span>LinkedIn<\/span><\/a><\/li><li class=\"share-email\"><a rel=\"nofollow noopener noreferrer\" data-shared=\"\" class=\"share-email sd-button share-icon\" href=\"mailto:?subject=%5BShared%20Post%5D%20Imprint&body=https%3A%2F%2Fwww.studentoftheworld.de%2Findex.php%2Fimpressum%2F&share=email\" target=\"_blank\" title=\"Click to email a link to a friend\" data-email-share-error-title=\"Do you have email set up?\" data-email-share-error-text=\"If you&#039;re having problems sharing via email, you might not have email set up for your browser. You may need to create a new email yourself.\" data-email-share-nonce=\"6d3d94d502\" data-email-share-track-url=\"https:\/\/www.studentoftheworld.de\/index.php\/impressum\/?share=email\"><span>Email<\/span><\/a><\/li><li class=\"share-print\"><a rel=\"nofollow noopener noreferrer\" data-shared=\"\" class=\"share-print sd-button share-icon\" href=\"https:\/\/www.studentoftheworld.de\/index.php\/impressum\/\" target=\"_blank\" title=\"Click to print\" ><span>Print<\/span><\/a><\/li><li><a href=\"#\" class=\"sharing-anchor sd-button share-more\"><span>More<\/span><\/a><\/li><li class=\"share-end\"><\/li><\/ul><div class=\"sharing-hidden\"><div class=\"inner\" style=\"display: none;\"><ul><li class=\"share-jetpack-whatsapp\"><a rel=\"nofollow noopener noreferrer\" data-shared=\"\" class=\"share-jetpack-whatsapp sd-button share-icon\" href=\"https:\/\/www.studentoftheworld.de\/index.php\/impressum\/?share=jetpack-whatsapp\" target=\"_blank\" title=\"Click to share on WhatsApp\" ><span>WhatsApp<\/span><\/a><\/li><li class=\"share-telegram\"><a rel=\"nofollow noopener noreferrer\" data-shared=\"\" class=\"share-telegram sd-button share-icon\" href=\"https:\/\/www.studentoftheworld.de\/index.php\/impressum\/?share=telegram\" target=\"_blank\" title=\"Click to share on Telegram\" ><span>Telegram<\/span><\/a><\/li><li class=\"share-end\"><\/li><li class=\"share-skype\"><a rel=\"nofollow noopener noreferrer\" data-shared=\"sharing-skype-157\" class=\"share-skype sd-button share-icon\" href=\"https:\/\/www.studentoftheworld.de\/index.php\/impressum\/?share=skype\" target=\"_blank\" title=\"Click to share on Skype\" ><span>Skype<\/span><\/a><\/li><li class=\"share-end\"><\/li><\/ul><\/div><\/div><\/div><\/div><\/div>","protected":false},"excerpt":{"rendered":"<p>Imprint &#8211; www.studentoftheworld.de Silke B. Oppermann Lilienstr. 28 81669 M\u00fcnchen Germany +49-(0)177-2013219 silke.oppermann at studentoftheworld.de Cookies und Meldungen zu Zugriffszahlen Wir setzen \u201eSession-Cookies\u201c der VG Wort, M\u00fcnchen, zur Messung von Zugriffen auf Texten ein, um die Kopierwahrscheinlichkeit zu erfassen. Session-Cookies sind kleine Informationseinheiten, die ein Anbieter im Arbeitsspeicher des Computers des Besuchers speichert. In einem [&hellip;]<\/p>\n<div class=\"sharedaddy sd-sharing-enabled\"><div class=\"robots-nocontent sd-block sd-social sd-social-icon-text sd-sharing\"><h3 class=\"sd-title\">Share this:<\/h3><div class=\"sd-content\"><ul><li class=\"share-facebook\"><a rel=\"nofollow noopener noreferrer\" data-shared=\"sharing-facebook-157\" class=\"share-facebook sd-button share-icon\" href=\"https:\/\/www.studentoftheworld.de\/index.php\/impressum\/?share=facebook\" target=\"_blank\" title=\"Click to share on Facebook\" ><span>Facebook<\/span><\/a><\/li><li class=\"share-twitter\"><a rel=\"nofollow noopener noreferrer\" data-shared=\"sharing-twitter-157\" class=\"share-twitter sd-button share-icon\" href=\"https:\/\/www.studentoftheworld.de\/index.php\/impressum\/?share=twitter\" target=\"_blank\" title=\"Click to share on Twitter\" ><span>Twitter<\/span><\/a><\/li><li class=\"share-linkedin\"><a rel=\"nofollow noopener noreferrer\" data-shared=\"sharing-linkedin-157\" class=\"share-linkedin sd-button share-icon\" href=\"https:\/\/www.studentoftheworld.de\/index.php\/impressum\/?share=linkedin\" target=\"_blank\" title=\"Click to share on LinkedIn\" ><span>LinkedIn<\/span><\/a><\/li><li class=\"share-email\"><a rel=\"nofollow noopener noreferrer\" data-shared=\"\" class=\"share-email sd-button share-icon\" href=\"mailto:?subject=%5BShared%20Post%5D%20Imprint&body=https%3A%2F%2Fwww.studentoftheworld.de%2Findex.php%2Fimpressum%2F&share=email\" target=\"_blank\" title=\"Click to email a link to a friend\" data-email-share-error-title=\"Do you have email set up?\" data-email-share-error-text=\"If you&#039;re having problems sharing via email, you might not have email set up for your browser. You may need to create a new email yourself.\" data-email-share-nonce=\"6d3d94d502\" data-email-share-track-url=\"https:\/\/www.studentoftheworld.de\/index.php\/impressum\/?share=email\"><span>Email<\/span><\/a><\/li><li class=\"share-print\"><a rel=\"nofollow noopener noreferrer\" data-shared=\"\" class=\"share-print sd-button share-icon\" href=\"https:\/\/www.studentoftheworld.de\/index.php\/impressum\/\" target=\"_blank\" title=\"Click to print\" ><span>Print<\/span><\/a><\/li><li><a href=\"#\" class=\"sharing-anchor sd-button share-more\"><span>More<\/span><\/a><\/li><li class=\"share-end\"><\/li><\/ul><div class=\"sharing-hidden\"><div class=\"inner\" style=\"display: none;\"><ul><li class=\"share-jetpack-whatsapp\"><a rel=\"nofollow noopener noreferrer\" data-shared=\"\" class=\"share-jetpack-whatsapp sd-button share-icon\" href=\"https:\/\/www.studentoftheworld.de\/index.php\/impressum\/?share=jetpack-whatsapp\" target=\"_blank\" title=\"Click to share on WhatsApp\" ><span>WhatsApp<\/span><\/a><\/li><li class=\"share-telegram\"><a rel=\"nofollow noopener noreferrer\" data-shared=\"\" class=\"share-telegram sd-button share-icon\" href=\"https:\/\/www.studentoftheworld.de\/index.php\/impressum\/?share=telegram\" target=\"_blank\" title=\"Click to share on Telegram\" ><span>Telegram<\/span><\/a><\/li><li class=\"share-end\"><\/li><li class=\"share-skype\"><a rel=\"nofollow noopener noreferrer\" data-shared=\"sharing-skype-157\" class=\"share-skype sd-button share-icon\" href=\"https:\/\/www.studentoftheworld.de\/index.php\/impressum\/?share=skype\" target=\"_blank\" title=\"Click to share on Skype\" ><span>Skype<\/span><\/a><\/li><li class=\"share-end\"><\/li><\/ul><\/div><\/div><\/div><\/div><\/div>","protected":false},"author":1,"featured_media":0,"parent":0,"menu_order":0,"comment_status":"closed","ping_status":"closed","template":"","meta":{"_exactmetrics_skip_tracking":false,"_exactmetrics_sitenote_active":false,"_exactmetrics_sitenote_note":"","_exactmetrics_sitenote_category":0,"jetpack_post_was_ever_published":false},"yoast_head":"<!-- This site is optimized with the Yoast SEO plugin v19.11 - https:\/\/yoast.com\/wordpress\/plugins\/seo\/ -->\n<title>Imprint - Student of the World<\/title>\n<meta name=\"robots\" content=\"index, follow, max-snippet:-1, max-image-preview:large, max-video-preview:-1\" \/>\n<link rel=\"canonical\" href=\"http:\/\/www.studentoftheworld.de\/index.php\/impressum\/\" \/>\n<meta property=\"og:locale\" content=\"en_US\" \/>\n<meta property=\"og:type\" content=\"article\" \/>\n<meta property=\"og:title\" content=\"Imprint - Student of the World\" \/>\n<meta property=\"og:description\" content=\"Imprint &#8211; www.studentoftheworld.de Silke B. Oppermann Lilienstr. 28 81669 M\u00fcnchen Germany +49-(0)177-2013219 silke.oppermann at studentoftheworld.de Cookies und Meldungen zu Zugriffszahlen Wir setzen \u201eSession-Cookies\u201c der VG Wort, M\u00fcnchen, zur Messung von Zugriffen auf Texten ein, um die Kopierwahrscheinlichkeit zu erfassen. Session-Cookies sind kleine Informationseinheiten, die ein Anbieter im Arbeitsspeicher des Computers des Besuchers speichert. In einem [&hellip;]\" \/>\n<meta property=\"og:url\" content=\"http:\/\/www.studentoftheworld.de\/index.php\/impressum\/\" \/>\n<meta property=\"og:site_name\" content=\"Student of the World\" \/>\n<meta property=\"article:publisher\" content=\"https:\/\/www.facebook.com\/studentoftheworld.de\/\" \/>\n<meta property=\"article:modified_time\" content=\"2020-03-08T09:12:32+00:00\" \/>\n<meta name=\"twitter:card\" content=\"summary_large_image\" \/>\n<meta name=\"twitter:site\" content=\"@SilkeOppermann\" \/>\n<meta name=\"twitter:label1\" content=\"Est. reading time\" \/>\n\t<meta name=\"twitter:data1\" content=\"2 minutes\" \/>\n<script type=\"application\/ld+json\" class=\"yoast-schema-graph\">{\"@context\":\"https:\/\/schema.org\",\"@graph\":[{\"@type\":\"WebPage\",\"@id\":\"http:\/\/www.studentoftheworld.de\/index.php\/impressum\/\",\"url\":\"http:\/\/www.studentoftheworld.de\/index.php\/impressum\/\",\"name\":\"Imprint - Student of the World\",\"isPartOf\":{\"@id\":\"http:\/\/www.studentoftheworld.de\/#website\"},\"datePublished\":\"2016-09-17T16:36:14+00:00\",\"dateModified\":\"2020-03-08T09:12:32+00:00\",\"breadcrumb\":{\"@id\":\"http:\/\/www.studentoftheworld.de\/index.php\/impressum\/#breadcrumb\"},\"inLanguage\":\"en-US\",\"potentialAction\":[{\"@type\":\"ReadAction\",\"target\":[\"http:\/\/www.studentoftheworld.de\/index.php\/impressum\/\"]}]},{\"@type\":\"BreadcrumbList\",\"@id\":\"http:\/\/www.studentoftheworld.de\/index.php\/impressum\/#breadcrumb\",\"itemListElement\":[{\"@type\":\"ListItem\",\"position\":1,\"name\":\"Home\",\"item\":\"http:\/\/www.studentoftheworld.de\/\"},{\"@type\":\"ListItem\",\"position\":2,\"name\":\"Imprint\"}]},{\"@type\":\"WebSite\",\"@id\":\"http:\/\/www.studentoftheworld.de\/#website\",\"url\":\"http:\/\/www.studentoftheworld.de\/\",\"name\":\"Student of the World\",\"description\":\"Exploring Today&#039;s Solutions for Tomorrow&#039;s World\",\"potentialAction\":[{\"@type\":\"SearchAction\",\"target\":{\"@type\":\"EntryPoint\",\"urlTemplate\":\"http:\/\/www.studentoftheworld.de\/?s={search_term_string}\"},\"query-input\":\"required name=search_term_string\"}],\"inLanguage\":\"en-US\"}]}<\/script>\n<!-- \/ Yoast SEO plugin. -->","yoast_head_json":{"title":"Imprint - Student of the World","robots":{"index":"index","follow":"follow","max-snippet":"max-snippet:-1","max-image-preview":"max-image-preview:large","max-video-preview":"max-video-preview:-1"},"canonical":"http:\/\/www.studentoftheworld.de\/index.php\/impressum\/","og_locale":"en_US","og_type":"article","og_title":"Imprint - Student of the World","og_description":"Imprint &#8211; www.studentoftheworld.de Silke B. Oppermann Lilienstr. 28 81669 M\u00fcnchen Germany +49-(0)177-2013219 silke.oppermann at studentoftheworld.de Cookies und Meldungen zu Zugriffszahlen Wir setzen \u201eSession-Cookies\u201c der VG Wort, M\u00fcnchen, zur Messung von Zugriffen auf Texten ein, um die Kopierwahrscheinlichkeit zu erfassen. Session-Cookies sind kleine Informationseinheiten, die ein Anbieter im Arbeitsspeicher des Computers des Besuchers speichert. In einem [&hellip;]","og_url":"http:\/\/www.studentoftheworld.de\/index.php\/impressum\/","og_site_name":"Student of the World","article_publisher":"https:\/\/www.facebook.com\/studentoftheworld.de\/","article_modified_time":"2020-03-08T09:12:32+00:00","twitter_card":"summary_large_image","twitter_site":"@SilkeOppermann","twitter_misc":{"Est. reading time":"2 minutes"},"schema":{"@context":"https:\/\/schema.org","@graph":[{"@type":"WebPage","@id":"http:\/\/www.studentoftheworld.de\/index.php\/impressum\/","url":"http:\/\/www.studentoftheworld.de\/index.php\/impressum\/","name":"Imprint - Student of the World","isPartOf":{"@id":"http:\/\/www.studentoftheworld.de\/#website"},"datePublished":"2016-09-17T16:36:14+00:00","dateModified":"2020-03-08T09:12:32+00:00","breadcrumb":{"@id":"http:\/\/www.studentoftheworld.de\/index.php\/impressum\/#breadcrumb"},"inLanguage":"en-US","potentialAction":[{"@type":"ReadAction","target":["http:\/\/www.studentoftheworld.de\/index.php\/impressum\/"]}]},{"@type":"BreadcrumbList","@id":"http:\/\/www.studentoftheworld.de\/index.php\/impressum\/#breadcrumb","itemListElement":[{"@type":"ListItem","position":1,"name":"Home","item":"http:\/\/www.studentoftheworld.de\/"},{"@type":"ListItem","position":2,"name":"Imprint"}]},{"@type":"WebSite","@id":"http:\/\/www.studentoftheworld.de\/#website","url":"http:\/\/www.studentoftheworld.de\/","name":"Student of the World","description":"Exploring Today&#039;s Solutions for Tomorrow&#039;s World","potentialAction":[{"@type":"SearchAction","target":{"@type":"EntryPoint","urlTemplate":"http:\/\/www.studentoftheworld.de\/?s={search_term_string}"},"query-input":"required name=search_term_string"}],"inLanguage":"en-US"}]}},"jetpack_sharing_enabled":true,"jetpack_shortlink":"https:\/\/wp.me\/P83wox-2x","jetpack-related-posts":[{"id":73,"url":"https:\/\/www.studentoftheworld.de\/index.php\/photo-gallery\/","url_meta":{"origin":157,"position":0},"title":"Photo Gallery","date":"September 7, 2016","format":false,"excerpt":"Hambach Forest Walk - Sunday, September 30th, 2018 Sunday Walk in Hambacher Forest, September 16th Reshaping Economcis Solidarity with Oppressed Exiled Authors \u00a0 Frankfurt Book Fair Protecting a Forest from Coal Excavators \u00a0 Klimacamp Rheinland - Summer 2017 OuiShare Fest 2017, Paris \u00a0 Auroville: Ecovillage Design Education Course \u00a0 Water-Saving\u2026","rel":"","context":"Similar post","img":{"alt_text":"","src":"https:\/\/i0.wp.com\/www.studentoftheworld.de\/wp-content\/uploads\/2018\/10\/SilkeOppermann_1066.jpg?resize=350%2C200","width":350,"height":200},"classes":[]}],"_links":{"self":[{"href":"https:\/\/www.studentoftheworld.de\/index.php\/wp-json\/wp\/v2\/pages\/157"}],"collection":[{"href":"https:\/\/www.studentoftheworld.de\/index.php\/wp-json\/wp\/v2\/pages"}],"about":[{"href":"https:\/\/www.studentoftheworld.de\/index.php\/wp-json\/wp\/v2\/types\/page"}],"author":[{"embeddable":true,"href":"https:\/\/www.studentoftheworld.de\/index.php\/wp-json\/wp\/v2\/users\/1"}],"replies":[{"embeddable":true,"href":"https:\/\/www.studentoftheworld.de\/index.php\/wp-json\/wp\/v2\/comments?post=157"}],"version-history":[{"count":10,"href":"https:\/\/www.studentoftheworld.de\/index.php\/wp-json\/wp\/v2\/pages\/157\/revisions"}],"predecessor-version":[{"id":5585,"href":"https:\/\/www.studentoftheworld.de\/index.php\/wp-json\/wp\/v2\/pages\/157\/revisions\/5585"}],"wp:attachment":[{"href":"https:\/\/www.studentoftheworld.de\/index.php\/wp-json\/wp\/v2\/media?parent=157"}],"curies":[{"name":"wp","href":"https:\/\/api.w.org\/{rel}","templated":true}]}}